{"id":359,"date":"2020-12-23T12:49:36","date_gmt":"2020-12-23T12:49:36","guid":{"rendered":"https:\/\/www.jozefiak.org\/?page_id=359"},"modified":"2021-02-28T20:02:07","modified_gmt":"2021-02-28T20:02:07","slug":"prawo-cywilne","status":"publish","type":"page","link":"https:\/\/www.jozefiak.org\/index.php\/prawo-cywilne","title":{"rendered":"Prawo cywilne"},"content":{"rendered":"\t\t<div data-elementor-type=\"wp-page\" data-elementor-id=\"359\" class=\"elementor elementor-359\" data-elementor-settings=\"[]\">\n\t\t\t\t\t\t<div class=\"elementor-inner\">\n\t\t\t\t\t\t\t<div class=\"elementor-section-wrap\">\n\t\t\t\t\t\t\t<section class=\"elementor-section elementor-top-section elementor-element elementor-element-23553e9a elementor-section-boxed elementor-section-height-default elementor-section-height-default\" data-id=\"23553e9a\" data-element_type=\"section\">\n\t\t\t\t\t\t<div class=\"elementor-container elementor-column-gap-no\">\n\t\t\t\t\t\t\t<div class=\"elementor-row\">\n\t\t\t\t\t<div class=\"aux-parallax-section elementor-column elementor-col-100 elementor-top-column elementor-element elementor-element-6ce96e1c\" data-id=\"6ce96e1c\" data-element_type=\"column\">\n\t\t\t<div class=\"elementor-column-wrap elementor-element-populated\">\n\t\t\t\t\t\t\t<div class=\"elementor-widget-wrap\">\n\t\t\t\t\t\t<div class=\"elementor-element elementor-element-195a9bc elementor-widget elementor-widget-heading\" data-id=\"195a9bc\" data-element_type=\"widget\" data-widget_type=\"heading.default\">\n\t\t\t\t<div class=\"elementor-widget-container\">\n\t\t\t<h2 class=\"elementor-heading-title elementor-size-default\">PRAWO CYWILNE<\/h2>\t\t<\/div>\n\t\t\t\t<\/div>\n\t\t\t\t<section class=\"elementor-section elementor-inner-section elementor-element elementor-element-9fa6f51 elementor-section-full_width elementor-section-height-default elementor-section-height-default\" data-id=\"9fa6f51\" data-element_type=\"section\">\n\t\t\t\t\t\t<div class=\"elementor-container elementor-column-gap-no\">\n\t\t\t\t\t\t\t<div class=\"elementor-row\">\n\t\t\t\t\t<div class=\"aux-parallax-section elementor-column elementor-col-100 elementor-inner-column elementor-element elementor-element-f733052\" data-id=\"f733052\" data-element_type=\"column\">\n\t\t\t<div class=\"elementor-column-wrap elementor-element-populated\">\n\t\t\t\t\t\t\t<div class=\"elementor-widget-wrap\">\n\t\t\t\t\t\t<div class=\"elementor-element elementor-element-8996e3f elementor-widget elementor-widget-text-editor\" data-id=\"8996e3f\" data-element_type=\"widget\" data-widget_type=\"text-editor.default\">\n\t\t\t\t<div class=\"elementor-widget-container\">\n\t\t\t\t\t<div class=\"elementor-text-editor elementor-clearfix\"><p><strong>Kancelaria oferuje szeroki zakres us\u0142ug zwi\u0105zanych z zagadnieniami szeroko poj\u0119tego prawa cywilnego, w\u00a0szczeg\u00f3lno\u015bci:<\/strong><\/p><ul><li>przeds\u0105dowe rozwi\u0105zywanie spor\u00f3w,<\/li><li>sprawy o zap\u0142at\u0119,<\/li><li>roszczenia z tytu\u0142u niewykonania lub nienale\u017cytego wykonania zobowi\u0105zania,<\/li><li>prawo rzeczowe \u2013 m.in. sprawy o zasiedzenie, naruszenie posiadania, zniesienie wsp\u00f3\u0142w\u0142asno\u015bci, s\u0142u\u017cebno\u015bci,<\/li><li>sprawy o odszkodowanie i zado\u015b\u0107uczynienie,<\/li><li>roszczenia z tytu\u0142u najmu i dzier\u017cawy,<\/li><li>roszczenia z tytu\u0142u umowy o dzie\u0142o i umowy o roboty budowlane,<\/li><li>naruszenie d\u00f3br osobistych,<\/li><li>ochrona praw konsumenta \u2013 dochodzenie roszcze\u0144 z tytu\u0142u r\u0119kojmi i gwarancji, reklamacje ora zwrot zakupionych towar\u00f3w,<\/li><li>windykacja zad\u0142u\u017cenia,<\/li><li>regulacja stanu prawnego nieruchomo\u015bci,<\/li><li>kompleksowa pomoc dla klient\u00f3w w tzw. spirali zad\u0142u\u017cenia,<\/li><li>dochodzenie roszcze\u0144 o naprawienie szkody w postaci koszt\u00f3w najmu pojazdu zast\u0119pczego w ramach ubezpieczenia OC posiadaczy pojazd\u00f3w mechanicznych,<\/li><li>sporz\u0105dzanie, weryfikacja i opiniowanie um\u00f3w, w tym w j\u0119zyku angielskim.<\/li><\/ul><\/div>\n\t\t\t\t<\/div>\n\t\t\t\t<\/div>\n\t\t\t\t\t\t<\/div>\n\t\t\t\t\t<\/div>\n\t\t<\/div>\n\t\t\t\t\t\t\t\t<\/div>\n\t\t\t\t\t<\/div>\n\t\t<\/section>\n\t\t\t\t\t\t<\/div>\n\t\t\t\t\t<\/div>\n\t\t<\/div>\n\t\t\t\t\t\t\t\t<\/div>\n\t\t\t\t\t<\/div>\n\t\t<\/section>\n\t\t\t\t\t\t<\/div>\n\t\t\t\t\t\t<\/div>\n\t\t\t\t\t<\/div>\n\t\t","protected":false},"excerpt":{"rendered":"<p>PRAWO CYWILNE Kancelaria oferuje szeroki zakres us\u0142ug zwi\u0105zanych z zagadnieniami szeroko poj\u0119tego prawa cywilnego, w\u00a0szczeg\u00f3lno\u015bci: przeds\u0105dowe rozwi\u0105zywanie spor\u00f3w, sprawy o zap\u0142at\u0119, roszczenia z tytu\u0142u niewykonania lub nienale\u017cytego wykonania zobowi\u0105zania, prawo rzeczowe \u2013 m.in. sprawy o zasiedzenie, naruszenie posiadania, zniesienie wsp\u00f3\u0142w\u0142asno\u015bci, s\u0142u\u017cebno\u015bci, sprawy o odszkodowanie i zado\u015b\u0107uczynienie, roszczenia z tytu\u0142u najmu i dzier\u017cawy, roszczenia z tytu\u0142u [&hellip;]<\/p>\n","protected":false},"author":1,"featured_media":0,"parent":0,"menu_order":0,"comment_status":"closed","ping_status":"closed","template":"","meta":[],"_links":{"self":[{"href":"https:\/\/www.jozefiak.org\/index.php\/wp-json\/wp\/v2\/pages\/359"}],"collection":[{"href":"https:\/\/www.jozefiak.org\/index.php\/wp-json\/wp\/v2\/pages"}],"about":[{"href":"https:\/\/www.jozefiak.org\/index.php\/wp-json\/wp\/v2\/types\/page"}],"author":[{"embeddable":true,"href":"https:\/\/www.jozefiak.org\/index.php\/wp-json\/wp\/v2\/users\/1"}],"replies":[{"embeddable":true,"href":"https:\/\/www.jozefiak.org\/index.php\/wp-json\/wp\/v2\/comments?post=359"}],"version-history":[{"count":13,"href":"https:\/\/www.jozefiak.org\/index.php\/wp-json\/wp\/v2\/pages\/359\/revisions"}],"predecessor-version":[{"id":625,"href":"https:\/\/www.jozefiak.org\/index.php\/wp-json\/wp\/v2\/pages\/359\/revisions\/625"}],"wp:attachment":[{"href":"https:\/\/www.jozefiak.org\/index.php\/wp-json\/wp\/v2\/media?parent=359"}],"curies":[{"name":"wp","href":"https:\/\/api.w.org\/{rel}","templated":true}]}}