{"id":379,"date":"2020-12-23T13:07:17","date_gmt":"2020-12-23T13:07:17","guid":{"rendered":"https:\/\/www.jozefiak.org\/?page_id=379"},"modified":"2021-02-28T20:04:18","modified_gmt":"2021-02-28T20:04:18","slug":"prawo-pracy-i-ubezpieczen","status":"publish","type":"page","link":"https:\/\/www.jozefiak.org\/index.php\/prawo-pracy-i-ubezpieczen","title":{"rendered":"Prawo pracy i ubezpiecze\u0144"},"content":{"rendered":"\t\t<div data-elementor-type=\"wp-page\" data-elementor-id=\"379\" class=\"elementor elementor-379\" data-elementor-settings=\"[]\">\n\t\t\t\t\t\t<div class=\"elementor-inner\">\n\t\t\t\t\t\t\t<div class=\"elementor-section-wrap\">\n\t\t\t\t\t\t\t<section class=\"elementor-section elementor-top-section elementor-element elementor-element-23553e9a elementor-section-boxed elementor-section-height-default elementor-section-height-default\" data-id=\"23553e9a\" data-element_type=\"section\">\n\t\t\t\t\t\t<div class=\"elementor-container elementor-column-gap-no\">\n\t\t\t\t\t\t\t<div class=\"elementor-row\">\n\t\t\t\t\t<div class=\"aux-parallax-section elementor-column elementor-col-100 elementor-top-column elementor-element elementor-element-6ce96e1c\" data-id=\"6ce96e1c\" data-element_type=\"column\">\n\t\t\t<div class=\"elementor-column-wrap elementor-element-populated\">\n\t\t\t\t\t\t\t<div class=\"elementor-widget-wrap\">\n\t\t\t\t\t\t<section class=\"elementor-section elementor-inner-section elementor-element elementor-element-9fa6f51 elementor-section-full_width elementor-section-height-default elementor-section-height-default\" data-id=\"9fa6f51\" data-element_type=\"section\">\n\t\t\t\t\t\t<div class=\"elementor-container elementor-column-gap-no\">\n\t\t\t\t\t\t\t<div class=\"elementor-row\">\n\t\t\t\t\t<div class=\"aux-parallax-section elementor-column elementor-col-100 elementor-inner-column elementor-element elementor-element-f733052\" data-id=\"f733052\" data-element_type=\"column\">\n\t\t\t<div class=\"elementor-column-wrap elementor-element-populated\">\n\t\t\t\t\t\t\t<div class=\"elementor-widget-wrap\">\n\t\t\t\t\t\t<div class=\"elementor-element elementor-element-6c7ba0e elementor-widget elementor-widget-heading\" data-id=\"6c7ba0e\" data-element_type=\"widget\" data-widget_type=\"heading.default\">\n\t\t\t\t<div class=\"elementor-widget-container\">\n\t\t\t<h2 class=\"elementor-heading-title elementor-size-default\">PRAWO PRACY I UBEZPIECZE\u0143<\/h2>\t\t<\/div>\n\t\t\t\t<\/div>\n\t\t\t\t<div class=\"elementor-element elementor-element-8996e3f elementor-widget elementor-widget-text-editor\" data-id=\"8996e3f\" data-element_type=\"widget\" data-widget_type=\"text-editor.default\">\n\t\t\t\t<div class=\"elementor-widget-container\">\n\t\t\t\t\t<div class=\"elementor-text-editor elementor-clearfix\"><p><strong>Kancelaria oferuje pomoc prawn\u0105 w przypadku sporu z pracodawc\u0105 oraz spraw zwi\u0105zanych z ZUS i KRUS, w\u00a0szczeg\u00f3lno\u015bci w zakresie<\/strong>:<\/p><ul><li>niezasadnego lub niezgodnego z prawem rozwi\u0105zania stosunku pracy,<\/li><li>spraw o zap\u0142at\u0119 zaleg\u0142ego wynagrodzenia oraz wynagrodzenia za prac\u0119 w godzinach nadliczbowych,<\/li><li>sprostowania \u015bwiadectwa pracy,<\/li><li>spor\u00f3w dotycz\u0105cych ustalenia istnienia stosunku pracy,<\/li><li>spraw o mobbing oraz dyskryminacj\u0119 w miejscu pracy,<\/li><li>sporz\u0105dzania regulamin\u00f3w pracy, um\u00f3w o zakazie konkurencji, um\u00f3w o zachowaniu poufno\u015bci,<\/li><li>wypadk\u00f3w przy pracy, w tym spraw o jednorazowe odszkodowanie z tytu\u0142u wypadku przy pracy,<\/li><li>spraw dotycz\u0105cych niezdolno\u015bci do pracy,<\/li><li>spraw o podleganie ubezpieczeniu spo\u0142ecznemu,<\/li><li>wyp\u0142aty zasi\u0142k\u00f3w,<\/li><li>wyp\u0142aty rent i emerytur.<\/li><\/ul><\/div>\n\t\t\t\t<\/div>\n\t\t\t\t<\/div>\n\t\t\t\t\t\t<\/div>\n\t\t\t\t\t<\/div>\n\t\t<\/div>\n\t\t\t\t\t\t\t\t<\/div>\n\t\t\t\t\t<\/div>\n\t\t<\/section>\n\t\t\t\t\t\t<\/div>\n\t\t\t\t\t<\/div>\n\t\t<\/div>\n\t\t\t\t\t\t\t\t<\/div>\n\t\t\t\t\t<\/div>\n\t\t<\/section>\n\t\t\t\t\t\t<\/div>\n\t\t\t\t\t\t<\/div>\n\t\t\t\t\t<\/div>\n\t\t","protected":false},"excerpt":{"rendered":"<p>PRAWO PRACY I UBEZPIECZE\u0143 Kancelaria oferuje pomoc prawn\u0105 w przypadku sporu z pracodawc\u0105 oraz spraw zwi\u0105zanych z ZUS i KRUS, w\u00a0szczeg\u00f3lno\u015bci w zakresie: niezasadnego lub niezgodnego z prawem rozwi\u0105zania stosunku pracy, spraw o zap\u0142at\u0119 zaleg\u0142ego wynagrodzenia oraz wynagrodzenia za prac\u0119 w godzinach nadliczbowych, sprostowania \u015bwiadectwa pracy, spor\u00f3w dotycz\u0105cych ustalenia istnienia stosunku pracy, spraw o mobbing [&hellip;]<\/p>\n","protected":false},"author":1,"featured_media":0,"parent":0,"menu_order":0,"comment_status":"closed","ping_status":"closed","template":"","meta":[],"_links":{"self":[{"href":"https:\/\/www.jozefiak.org\/index.php\/wp-json\/wp\/v2\/pages\/379"}],"collection":[{"href":"https:\/\/www.jozefiak.org\/index.php\/wp-json\/wp\/v2\/pages"}],"about":[{"href":"https:\/\/www.jozefiak.org\/index.php\/wp-json\/wp\/v2\/types\/page"}],"author":[{"embeddable":true,"href":"https:\/\/www.jozefiak.org\/index.php\/wp-json\/wp\/v2\/users\/1"}],"replies":[{"embeddable":true,"href":"https:\/\/www.jozefiak.org\/index.php\/wp-json\/wp\/v2\/comments?post=379"}],"version-history":[{"count":14,"href":"https:\/\/www.jozefiak.org\/index.php\/wp-json\/wp\/v2\/pages\/379\/revisions"}],"predecessor-version":[{"id":631,"href":"https:\/\/www.jozefiak.org\/index.php\/wp-json\/wp\/v2\/pages\/379\/revisions\/631"}],"wp:attachment":[{"href":"https:\/\/www.jozefiak.org\/index.php\/wp-json\/wp\/v2\/media?parent=379"}],"curies":[{"name":"wp","href":"https:\/\/api.w.org\/{rel}","templated":true}]}}

Prawo pracy i ubezpieczeń

<div data-elementor-type="wp-page" data-elementor-id="379" class="elementor elementor-379" data-elementor-settings="[]">
						<div class="elementor-inner">
							<div class="elementor-section-wrap">
							<section class="elementor-section elementor-top-section elementor-element elementor-element-23553e9a elementor-section-boxed elementor-section-height-default elementor-section-height-default" data-id="23553e9a" data-element_type="section">
						<div class="elementor-container elementor-column-gap-no">
							<div class="elementor-row">
					<div class="aux-parallax-section elementor-column elementor-col-100 elementor-top-column elementor-element elementor-element-6ce96e1c" data-id="6ce96e1c" data-element_type="column">
			<div class="elementor-column-wrap elementor-element-populated">
							<div class="elementor-widget-wrap">
						<section class="elementor-section elementor-inner-section elementor-element elementor-element-9fa6f51 elementor-section-full_width elementor-section-height-default elementor-section-height-default" data-id="9fa6f51" data-element_type="section">
						<div class="elementor-container elementor-column-gap-no">
							<div class="elementor-row">
					<div class="aux-parallax-section elementor-column elementor-col-100 elementor-inner-column elementor-element elementor-element-f733052" data-id="f733052" data-element_type="column">
			<div class="elementor-column-wrap elementor-element-populated">
							<div class="elementor-widget-wrap">
						<div class="elementor-element elementor-element-6c7ba0e elementor-widget elementor-widget-heading" data-id="6c7ba0e" data-element_type="widget" data-widget_type="heading.default">
				<div class="elementor-widget-container">
			<h2 class="elementor-heading-title elementor-size-default">PRAWO PRACY I UBEZPIECZEŃ</h2>		</div>
				</div>
				<div class="elementor-element elementor-element-8996e3f elementor-widget elementor-widget-text-editor" data-id="8996e3f" data-element_type="widget" data-widget_type="text-editor.default">
				<div class="elementor-widget-container">
					<div class="elementor-text-editor elementor-clearfix"><p><strong>Kancelaria oferuje pomoc prawną w przypadku sporu z pracodawcą oraz spraw związanych z ZUS i KRUS, w szczególności w zakresie</strong>:</p><ul><li>niezasadnego lub niezgodnego z prawem rozwiązania stosunku pracy,</li><li>spraw o zapłatę zaległego wynagrodzenia oraz wynagrodzenia za pracę w godzinach nadliczbowych,</li><li>sprostowania świadectwa pracy,</li><li>sporów dotyczących ustalenia istnienia stosunku pracy,</li><li>spraw o mobbing oraz dyskryminację w miejscu pracy,</li><li>sporządzania regulaminów pracy, umów o zakazie konkurencji, umów o zachowaniu poufności,</li><li>wypadków przy pracy, w tym spraw o jednorazowe odszkodowanie z tytułu wypadku przy pracy,</li><li>spraw dotyczących niezdolności do pracy,</li><li>spraw o podleganie ubezpieczeniu społecznemu,</li><li>wypłaty zasiłków,</li><li>wypłaty rent i emerytur.</li></ul></div>
				</div>
				</div>
						</div>
					</div>
		</div>
								</div>
					</div>
		</section>
						</div>
					</div>
		</div>
								</div>
					</div>
		</section>
						</div>
						</div>
					</div>

<p>PRAWO PRACY I UBEZPIECZEŃ Kancelaria oferuje pomoc prawną w przypadku sporu z pracodawcą oraz spraw związanych z ZUS i KRUS, w szczególności w zakresie: niezasadnego lub niezgodnego z prawem rozwiązania stosunku pracy, spraw o zapłatę zaległego wynagrodzenia oraz wynagrodzenia za pracę w godzinach nadliczbowych, sprostowania świadectwa pracy, sporów dotyczących ustalenia istnienia stosunku pracy, spraw o mobbing [&hellip;]</p>
