{"id":790,"date":"2021-03-04T07:55:31","date_gmt":"2021-03-04T07:55:31","guid":{"rendered":"https:\/\/www.jozefiak.org\/?page_id=790"},"modified":"2023-10-24T07:12:32","modified_gmt":"2023-10-24T07:12:32","slug":"robert-purol","status":"publish","type":"page","link":"https:\/\/www.jozefiak.org\/index.php\/robert-purol","title":{"rendered":"Robert Purol"},"content":{"rendered":"\t\t<div data-elementor-type=\"wp-page\" data-elementor-id=\"790\" class=\"elementor elementor-790\" data-elementor-settings=\"[]\">\n\t\t\t\t\t\t<div class=\"elementor-inner\">\n\t\t\t\t\t\t\t<div class=\"elementor-section-wrap\">\n\t\t\t\t\t\t\t<section class=\"elementor-section elementor-top-section elementor-element elementor-element-23553e9a elementor-section-boxed elementor-section-height-default elementor-section-height-default\" data-id=\"23553e9a\" data-element_type=\"section\">\n\t\t\t\t\t\t<div class=\"elementor-container elementor-column-gap-no\">\n\t\t\t\t\t\t\t<div class=\"elementor-row\">\n\t\t\t\t\t<div class=\"aux-parallax-section elementor-column elementor-col-100 elementor-top-column elementor-element elementor-element-6ce96e1c\" data-id=\"6ce96e1c\" data-element_type=\"column\">\n\t\t\t<div class=\"elementor-column-wrap elementor-element-populated\">\n\t\t\t\t\t\t\t<div class=\"elementor-widget-wrap\">\n\t\t\t\t\t\t<div class=\"elementor-element elementor-element-6a775199 elementor-widget elementor-widget-aux_modern_heading\" data-id=\"6a775199\" data-element_type=\"widget\" data-widget_type=\"aux_modern_heading.default\">\n\t\t\t\t<div class=\"elementor-widget-container\">\n\t\t\t<section class=\"aux-widget-modern-heading\">\n            <div class=\"aux-widget-inner\"><h5 class=\"aux-modern-heading-primary\">POZNAJ NAS BLI\u017bEJ<\/h5><\/div>\n        <\/section>\t\t<\/div>\n\t\t\t\t<\/div>\n\t\t\t\t<section class=\"elementor-section elementor-inner-section elementor-element elementor-element-1e3d987e elementor-section-full_width elementor-section-height-default elementor-section-height-default\" data-id=\"1e3d987e\" data-element_type=\"section\">\n\t\t\t\t\t\t<div class=\"elementor-container elementor-column-gap-no\">\n\t\t\t\t\t\t\t<div class=\"elementor-row\">\n\t\t\t\t\t<div class=\"aux-parallax-section elementor-column elementor-col-100 elementor-inner-column elementor-element elementor-element-35ddcbe2\" data-id=\"35ddcbe2\" data-element_type=\"column\">\n\t\t\t<div class=\"elementor-column-wrap elementor-element-populated\">\n\t\t\t\t\t\t\t<div class=\"elementor-widget-wrap\">\n\t\t\t\t\t\t<div class=\"elementor-element elementor-element-51e73b37 aux-appear-watch-animation aux-fade-in-right-1 elementor-widget elementor-widget-aux_staff\" data-id=\"51e73b37\" data-element_type=\"widget\" data-widget_type=\"aux_staff.default\">\n\t\t\t\t<div class=\"elementor-widget-container\">\n\t\t\t<section class=\"aux-wrap-style-simple widget-container aux-widget-staff aux-parent-au422b8868\" style=\"\" >    <div class=\"aux-staff-container aux-staff-pos-left aux-staff-text-left aux-staff-text-dark \" >\n            <div class=\"aux-staff-header aux-staff-img-rect\">\n            <div class=\"aux-media-image\"><img loading=\"lazy\" width=\"2560\" height=\"1704\" src=\"data:image\/gif;base64,R0lGODlhAQABAIAAAAAAAP\/\/\/yH5BAEAAAAALAAAAAABAAEAAAIBRAA7\" class=\" aux-preload aux-blank\" alt=\"Robert\" data-ratio=\"1.5\" data-original-w=\"2560\" data-src=\"https:\/\/www.jozefiak.org\/wp-content\/uploads\/2020\/12\/Robert-scaled.jpg\" \/><\/div>        <\/div>\n            <div class=\"aux-staff-content\">\n                        <h4 class=\"col-title\">Robert Purol<\/h4>\n                        <h5 class=\"col-subtitle\">radca prawny-off council<\/h5>\n                        <div class=\"aux-staff-footer aux-small aux-horizontal\">\n                    <ul class=\"aux-social-list\">\n\n                                                                                                                                                                                                                          <\/ul>\n           <\/div>\n                    <\/div>\n\n    <\/div>\n\n\n<\/section><!-- widget-container -->\t\t<\/div>\n\t\t\t\t<\/div>\n\t\t\t\t<div class=\"elementor-element elementor-element-f2fd55c elementor-widget elementor-widget-text-editor\" data-id=\"f2fd55c\" data-element_type=\"widget\" data-widget_type=\"text-editor.default\">\n\t\t\t\t<div class=\"elementor-widget-container\">\n\t\t\t\t\t<div class=\"elementor-text-editor elementor-clearfix\"><\/div>\n\t\t\t\t<\/div>\n\t\t\t\t<\/div>\n\t\t\t\t\t\t<\/div>\n\t\t\t\t\t<\/div>\n\t\t<\/div>\n\t\t\t\t\t\t\t\t<\/div>\n\t\t\t\t\t<\/div>\n\t\t<\/section>\n\t\t\t\t<div class=\"elementor-element elementor-element-d1fac85 elementor-widget-divider--view-line elementor-widget elementor-widget-divider\" data-id=\"d1fac85\" data-element_type=\"widget\" data-widget_type=\"divider.default\">\n\t\t\t\t<div class=\"elementor-widget-container\">\n\t\t\t\t\t<div class=\"elementor-divider\">\n\t\t\t<span class=\"elementor-divider-separator\">\n\t\t\t\t\t\t<\/span>\n\t\t<\/div>\n\t\t\t\t<\/div>\n\t\t\t\t<\/div>\n\t\t\t\t<section class=\"elementor-section elementor-inner-section elementor-element elementor-element-9fa6f51 elementor-section-full_width elementor-section-height-default elementor-section-height-default\" data-id=\"9fa6f51\" data-element_type=\"section\">\n\t\t\t\t\t\t<div class=\"elementor-container elementor-column-gap-no\">\n\t\t\t\t\t\t\t<div class=\"elementor-row\">\n\t\t\t\t\t<div class=\"aux-parallax-section elementor-column elementor-col-100 elementor-inner-column elementor-element elementor-element-f733052\" data-id=\"f733052\" data-element_type=\"column\">\n\t\t\t<div class=\"elementor-column-wrap elementor-element-populated\">\n\t\t\t\t\t\t\t<div class=\"elementor-widget-wrap\">\n\t\t\t\t\t\t<div class=\"elementor-element elementor-element-c5bac6a elementor-widget elementor-widget-text-editor\" data-id=\"c5bac6a\" data-element_type=\"widget\" data-widget_type=\"text-editor.default\">\n\t\t\t\t<div class=\"elementor-widget-container\">\n\t\t\t\t\t<div class=\"elementor-text-editor elementor-clearfix\"><p>Absolwent kierunku prawo na Uniwersytecie im. Adama Mickiewicza w Poznaniu.<\/p>\n<p>Obroni\u0142 prac\u0119 magistersk\u0105 z zakresu prawa ubezpiecze\u0144 pod opiek\u0105 promotora prof. Marcina Orlickiego.<\/p>\n<p>Oficer compliance &#8211; uko\u0144czy\u0142 studia podyplomowe na Uniwersytecie Ekonomicznym w Poznaniu na kierunku Compliance w organizacji. Wpisany na Krajow\u0105 List\u0119 Audytor\u00f3w, Kontroler\u00f3w i Specjalizacji powi\u0105zanych.<\/p>\n<p>Wsp\u00f3\u0142prac\u0119 z Kancelari\u0105 rozpocz\u0105\u0142 jako student w 2014 roku.<\/p>\n<p>W latach 2018-2022 aplikant radcowski przy Okr\u0119gowej Izbie Radc\u00f3w Prawnych w Poznaniu. Od 16.09.2022 roku radca prawny przy Okr\u0119gowej Izbie Radc\u00f3w Prawnych w Poznaniu.<\/p>\n<p>W ramach swojego kilkuletniego do\u015bwiadczenia prowadzi\u0142 sprawy z zakresu szeroko poj\u0119tego prawa cywilnego, prawa rodzinnego, prawa pracy, rejestracji oraz bie\u017c\u0105cej obs\u0142ugi sp\u00f3\u0142ek prawa handlowego, a tak\u017ce reprezentowa\u0142 Klient\u00f3w w toku post\u0119powa\u0144 przygotowawczych w post\u0119powaniach karnych oraz na etapie s\u0105dowym.<\/p>\n<p>Obecnie bierze udzia\u0142 w projekcie sodelis.pl<\/p><\/div>\n\t\t\t\t<\/div>\n\t\t\t\t<\/div>\n\t\t\t\t\t\t<\/div>\n\t\t\t\t\t<\/div>\n\t\t<\/div>\n\t\t\t\t\t\t\t\t<\/div>\n\t\t\t\t\t<\/div>\n\t\t<\/section>\n\t\t\t\t\t\t<\/div>\n\t\t\t\t\t<\/div>\n\t\t<\/div>\n\t\t\t\t\t\t\t\t<\/div>\n\t\t\t\t\t<\/div>\n\t\t<\/section>\n\t\t\t\t\t\t<\/div>\n\t\t\t\t\t\t<\/div>\n\t\t\t\t\t<\/div>\n\t\t","protected":false},"excerpt":{"rendered":"<p>POZNAJ NAS BLI\u017bEJ Robert Purol radca prawny-off council Absolwent kierunku prawo na Uniwersytecie im. Adama Mickiewicza w Poznaniu. Obroni\u0142 prac\u0119 magistersk\u0105 z zakresu prawa ubezpiecze\u0144 pod opiek\u0105 promotora prof. Marcina Orlickiego. Oficer compliance &#8211; uko\u0144czy\u0142 studia podyplomowe na Uniwersytecie Ekonomicznym w Poznaniu na kierunku Compliance w organizacji. Wpisany na Krajow\u0105 List\u0119 Audytor\u00f3w, Kontroler\u00f3w i Specjalizacji [&hellip;]<\/p>\n","protected":false},"author":1,"featured_media":0,"parent":0,"menu_order":0,"comment_status":"closed","ping_status":"closed","template":"","meta":[],"_links":{"self":[{"href":"https:\/\/www.jozefiak.org\/index.php\/wp-json\/wp\/v2\/pages\/790"}],"collection":[{"href":"https:\/\/www.jozefiak.org\/index.php\/wp-json\/wp\/v2\/pages"}],"about":[{"href":"https:\/\/www.jozefiak.org\/index.php\/wp-json\/wp\/v2\/types\/page"}],"author":[{"embeddable":true,"href":"https:\/\/www.jozefiak.org\/index.php\/wp-json\/wp\/v2\/users\/1"}],"replies":[{"embeddable":true,"href":"https:\/\/www.jozefiak.org\/index.php\/wp-json\/wp\/v2\/comments?post=790"}],"version-history":[{"count":13,"href":"https:\/\/www.jozefiak.org\/index.php\/wp-json\/wp\/v2\/pages\/790\/revisions"}],"predecessor-version":[{"id":1016,"href":"https:\/\/www.jozefiak.org\/index.php\/wp-json\/wp\/v2\/pages\/790\/revisions\/1016"}],"wp:attachment":[{"href":"https:\/\/www.jozefiak.org\/index.php\/wp-json\/wp\/v2\/media?parent=790"}],"curies":[{"name":"wp","href":"https:\/\/api.w.org\/{rel}","templated":true}]}}